). Suppose -4*y = -c*y - 4. Determine i(y).
0
Let b(z) = z**3 + 6*z**2 + 4*z + 2. Let n = -52 + 47. Calculate b(n).
7
Let a(h) = h**2 + 0*h**2 - h + h**3 - 4*h**2 - 4. Suppose -2*u + 3 = -u. What is a(u)?
-7
Let t(a) be the second derivative of -a**4/12 + a**3/3 + a**2/2 - a. Calculate t(-3).
-14
Suppose -4*s - 3 = 5*m - 1, m = -2*s - 4. Let h(y) = y**2 + 2*y - 3. What is h(m)?
5
Let a = -8 - -15. Let i(w) = -w**3 + 6*w**2 + 14*w - 8. Let f(x) = x**3 - 6*x**2 - 15*x + 8. Let t(k) = 5*f(k) + 6*i(k). Give t(a).
6
Suppose -4*f + 6 = -f. Let z(b) = 2*b**f - 4*b - 1 - 3*b**2 - b + b. Determine z(-2).
3
Let f(p) = -p**3 + 6*p**2 - 7*p + 4. Let o(d) be the first derivative of d**4/4 - 5*d**3/3 + 3*d**2 - 3*d + 2. Let z be o(4). Determine f(z).
-6
Let p(b) be the second derivative of b**5/30 - b**4/4 + b**3/6 - 3*b. Let o(h) be the second derivative of p(h). Determine o(4).
10
Let o(y) = 2*y**2 - y. Let g(w) = -w + 1. Let d(x) = g(x) - o(x). Let m = 1 - -1. Determine d(m).
-7
Let w(x) be the second derivative of -1/4*x**4 + 3/2*x**2 + x**3 - 1/20*x**5 - 3*x + 0. Determine w(-4).
-5
Let g = 24 + -17. Let t(f) = f**2 - 9*f + 9. Let u be t(g). Let v(m) = m - 1. What is v(u)?
-6
Suppose 2*f + 2 = 3*f. Let c be f - 0/(9/(-3)). Let x be c/(-4)*20/(-2). Let u(l) = -l**3 + 6*l**2 - 5*l - 5. Give u(x).
-5
Let y(o) = o - 7. Suppose 3*f - q - 13 = q, -3*q = -5*f + 22. Suppose p - 7 - 8 = f*c, 5*p + c = -55. Let g = p + 15. What is y(g)?
-2
Let y = 0 + -1. Let n(v) = v**3 + 5*v**2 + 7*v - 5. Let l(u) = 2*u**3 + 14*u**2 + 20*u - 14. Let c(q) = 6*l(q) - 17*n(q). What is c(y)?
4
Let z(r) = 0*r**2 + r**2 + 1 - 4*r - r. Let f = -41 + 46. Give z(f).
1
Suppose -5*z + 3*o + 20 = -o, 0 = -2*z + o + 5. Let d(c) = -c - 2. Give d(z).
-2
Let y(m) = -3*m**2 + 2. Let g = -4 + 2. Let z be (g + 4)*(1 - 0). Determine y(z).
-10
Let m(w) = w**2 + 3*w**3 + 0 - 2*w**3 + 2 - 3*w + 2*w. Suppose 2*s = 2*o - 4 - 0, -3*s + 2 = o. Give m(s).
2
Suppose f + 28 = 5*f. Let v(q) = -q**3 + 6*q**2 + 6*q + 9. Give v(f).
2
Let z(f) be the third derivative of -f**5/30 + f**3/6 - 10*f**2. Let c be 4/(-18) + (-114)/(-27). Let k = c + -2. Determine z(k).
-7
Suppose 38 = 5*v + b, 40 = 3*v - 5*b + 6. Suppose -5*l - 3*h + 10 = -v, -2*l - 3*h = -9. Let k(a) = -a**3 + 3*a**2 + 3*a - 2. What is k(l)?
7
Let t be 48/21 + 8/(-28). Let l(x) = -6*x + 2 + t*x + 8*x. Calculate l(2).
10
Let u(w) = w + 1 + 0*w + 1. Suppose 20 - 16 = -h. Give u(h).
-2
Let c(i) = -21*i + 1. Let d(t) = -3*t. Let z(s) = -c(s) + 3*d(s). Let m be 6/(-9) + (-10)/(-6). Determine z(m).
11
Let i(n) = 1. Let x(j) = -6*j - 8. Let q(g) = -6*i(g) - x(g). Calculate q(-2).
-10
Let p(w) = -w + 7. Suppose -3*h = -2*h. Let f(o) = o**3 - o**2 + 4. Let q be f(h). Suppose 11 = 2*b - u, 0*b + q*u = b - 16. What is p(b)?
3
Let t(v) = 7*v - 5. Let c(l) = l + 1. Let x(i) = -5*c(i) - t(i). Let r(s) = 2*s - 9. Let h be r(5). Give x(h).
-12
Let n(r) = -4 + r - 5 + 8*r + 2. Let o(t) = -9*t + 6. Let c(x) = 5*n(x) + 6*o(x). Determine c(1).
-8
Let s(x) = 2*x - 1. Let p be s(2). Let u(g) = -2*g + p*g**2 + 2 + 0*g - 1 + 3*g + g**3. Let k(f) = -3*f + 3. Let v be k(2). What is u(v)?
-2
Suppose -v - 3*z = v, 3*v + 2*z = 5. Let o(j) = -2*j + 2*j**2 - 2*j + 1 + 0 - 2. Determine o(v).
5
Let b = -21 + 24. Let w(v) = -v**2 + v + 2. Give w(b).
-4
Let b = -6 - -4. Let h be 1/((1 - b)/6). Let j(d) = 5 - 5 + d**h. Calculate j(-1).
1
Let p = 12 + -18. Let o(i) be the first derivative of i**4/4 + 2*i**3 + i**2/2 + 4*i + 2. Calculate o(p).
-2
Let h(n) = -3*n**2 - n - 2. Let q(k) = -k**2 + k. Let b(l) = h(l) - 2*q(l). What is b(3)?
-20
Suppose -2*v - 7 + 1 = 0. Let o = v - -6. Let s(h) = -h**o + 3 + 4*h**3 + 3*h**2 - 2*h**3 + 4*h. What is s(-2)?
-1
Let p(w) = -w**3 + 3*w**2 + 8*w - 5. Let u(j) = j**2 - 10*j - 19. Let o be u(12). What is p(o)?
-15
Let v(m) be the first derivative of -m**3/3 + m**2 + m + 6. Let x = -3 + 5. Determine v(x).
1
Let m(z) = -z - 5. Let d be m(-13). Let t(l) = 2*l + 3. Calculate t(d).
19
Let z(o) = o**2 + 5*o - 2*o + o**3 - 2 + 3*o**2. Give z(-3).
-2
Let f(n) = -n - 11. Let b(y) = y**2 - 8*y + 8. Let a be b(3). Calculate f(a).
-4
Let s(y) = y + 4. Suppose 2*j - 7 = 3*i, 0 = 3*j + j + 4*i + 16. Let c = -3 - j. Give s(c).
2
Let a(x) be the second derivative of -x**4/12 + 2*x**3/3 + 3*x**2/2 + 3*x. Let o be ((-1)/(-2))/(((-28)/48)/(-7)). What is a(o)?
-9
Let i(m) be the second derivative of 2/3*m**3 + 7/2*m**2 - 1/12*m**4 + 0 - m. Suppose -2*p - 2*k + 19 = -5*k, -9 = -3*p - 2*k. What is i(p)?
2
Let w(n) = -2 + n + 3 - 2. Let y be w(-1). Let t(o) = -27*o**3 + 3*o**2 + 3*o + 67*o**3 - 39*o**3 + 2. Give t(y).
0
Let t(m) = m**3 + 2*m**2 + 2*m + 1. Suppose 14 = 4*q + 3*g, 4*q - 2*q - 4*g + 4 = 0. Suppose 0*s + q*s = 0. Let v = -2 + s. Calculate t(v).
-3
Let c(j) = -3*j + 3. Suppose -4*q = -13*q + 18. Calculate c(q).
-3
Let j = 18 - 13. Suppose 5*d - j = -0*d. Let l(t) = -2*t**2 - 4*t**2 + 1 - t + 0*t**2. What is l(d)?
-6
Let p(n) = n + 1. Let i(k) = -k**2 - 7*k - 1. Let v(s) = -i(s) - 4*p(s). Suppose -5*o - 4 = -4*o. Calculate v(o).
1
Let l = 4 + -2. Suppose 5*u + 4*o - 8 = 3*u, 0 = -5*u + l*o + 20. Let h(c) be the third derivative of c**4/24 - c**3/6 - c**2. What is h(u)?
3
Let y(t) = 4*t**2 + t - 17. Let k(i) be the third derivative of 0 + 0*i + 2*i**2 + 0*i**4 + 1/60*i**5 - 2/3*i**3. Let c(l) = 9*k(l) - 2*y(l). Calculate c(3).
1
Let z(f) = f**3 - 4*f**2 + 5. Suppose 0 = 2*d + d, -y - 5*d = -4. Let p be z(y). Let x(j) = j - 4. Determine x(p).
1
Let c(i) = i**3 - 2*i - 2. Let l(n) = -4*n**3 + 5. Let p(u) = -5*u**3 - u + 6. Let k(w) = -4*l(w) + 3*p(w). Let s(h) = -3*c(h) + 2*k(h). What is s(2)?
-6
Let k(i) = i - 8. Let x(v) = -v**3 + v**2 + 2*v - 1. Let w be x(-2). Suppose 19 - w = 2*j. What is k(j)?
-2
Let m(f) = f**2 - 7*f + 9. Let y be m(5). Let n(v) = 6*v**3 + 1. What is n(y)?
-5
Let h(s) = 20*s**3 + 17*s**2 + 8*s - 14. Suppose -10 = -8*i + 3*i. Let f(m) = 1 + 9*m**i - 6 + 3*m - 3*m**2 + 7*m**3. Let z(p) = 17*f(p) - 6*h(p). Give z(2).
-3
Let z(t) be the first derivative of t**2/2 - 5*t + 16. Give z(7).
2
Let a(j) = -j + 11. Let g be a(9). Suppose g*d = 3*t - 4, 0 = -0*d + 4*d + t + 8. Let z be 1 - -1 - (2 - d). Let k(m) = -3*m**2 - 3*m - 1. What is k(z)?
-7
Let w(a) be the third derivative of -a**4/24 - a**3/6 + 3*a**2. Let o(q) = -7*q**3 + 2*q**2 + q. Let x(r) = o(r) - w(r). Determine x(-1).
8
Suppose -3*o + 33 = 2*d, -d + 0*o + 21 = 3*o. Let r be d/18 + 20/6. Let l(q) = -q**2 + 6*q - 6. What is l(r)?
2
Let v(b) = 17*b - b**2 + 4 - 9*b - 11. Let z = 14 - 9. Give v(z).
8
Let r(h) be the first derivative of -h**4/4 + 7*h**3/3 + 4*h + 3. Determine r(7).
4
Suppose -2 - 3 = -2*b - 3*h, h = b + 10. Let u(y) = y - 5. Give u(b).
-10
Let o = 6 - 4. Let r(h) = 4*h**2 + 2*h + 2 - 3*h**o - 5*h. Let t be r(3). Let y(p) = p - 3. Give y(t).
-1
Suppose t + 2*d = -4, 1 = 3*d - 8. Let f = t + 5. Let x(l) = -2*l - 3. Calculate x(f).
7
Let v(u) = -2*u**3 + 2*u + 1. Suppose -h = 3*n + 5, -3*h = -7*h + 4*n - 4. Determine v(h).
13
Let d(a) = 2*a - 2. Suppose -2*s + 2*u = 12, 2*s + 5*u = -0*s - 5. Give d(s).
-12
Let q be (-14)/18 - (-10)/(-45). Let o(f) = -36*f - 5. Let v(b) = 7*b + 1. Let m(d) = -2*o(d) - 11*v(d). Determine m(q).
4
Let b(n) = -5*n**3 - 41*n**2 + 6*n - 46. Let o(u) = -u**3 - 8*u**2 + u - 9. Let w(t) = -2*b(t) + 11*o(t). Determine w(-6).
-1
Let f(j) = -2 - 6 + j + 4. Suppose -5*w - k - 9 = 0, -3*w - 2*w + 3*k = 13. Let m = w + 5. Determine f(m).
-1
Let m = -32 - -39. Let h(v) = -2*v + 9. What is h(m)?
-5
Let v(n) be the second derivative of n**4/3 - n**3/2 - 2*n**2 + 2*n. Let t(x) = -3*x**2 + 3*x + 3. Let f(o) = 3*t(o) + 2*v(o). What is f(5)?
-9
Let k be 10/(-2) + 3 + -2. Let j = k + 7. Let g(v) = -v**3 + 3*v**2 + 1. What is g(j)?
1
Let y(f) = 3*f + 7*f**2 - 4*f**2 - 2*f**2 - 8*f. Let i be 3*(2 - (-2)/(-3)). What is y(i)?
-4
Let y(c) = -6*c**2 + 4 - 3*c + 4*c + c**3 + 2*c**3 - 4*c**3. Suppose -3*w + s - 14 = -0, 3*s = 3*w + 6. What is y(w)?
-2
Let u be (49/21)/(35/30). Let z(y) = -2*y**3 - 2. Calculate z(u).
-18
Let t(f) = -3*f + 3. Let c(a) = 2*a - 3. Let h(u) = -5*c(u) - 4*t(u). What is h(-4)?
-5
Suppose 0 = w - 2*y + 5, -2 + 12 = -2*w - 2*y. Let f(s) = -s**3 - 6*s**2 - 3*s + 5. What is f(w)?
-5
Let j = 9 + -5. Suppose -5*g + 23 = j*q, 2 = -2*q - 3*g + 5*g. Suppos